the prime factors of 19392005.
5, 3878401
What are the prime factors of 209107?
67, 3121
List the prime factors of 691043.
71, 9733
What are the prime factors of 8383?
83, 101
What are the prime factors of 2223810?
2, 3, 5, 24709
What are the prime factors of 181004?
2, 37, 1223
What are the prime factors of 261447?
3, 87149
What are the prime factors of 109959?
3, 36653
What are the prime factors of 1121037?
3, 433, 863
What are the prime factors of 2129416?
2, 266177
List the prime factors of 21272440.
2, 5, 7, 17, 41, 109
What are the prime factors of 4605675?
3, 5, 61409
What are the prime factors of 10493?
7, 1499
List the prime factors of 4045078.
2, 2022539
List the prime factors of 1312456.
2, 164057
What are the prime factors of 297197?
31, 9587
What are the prime factors of 5136635?
5, 7, 17, 89, 97
List the prime factors of 900731.
13, 193, 359
List the prime factors of 7284956.
2, 7, 53, 4909
List the prime factors of 4469401.
4469401
List the prime factors of 3850436.
2, 962609
List the prime factors of 8468397.
3, 7, 17, 7907
List the prime factors of 2019904.
2, 37, 853
List the prime factors of 6689615.
5, 19, 67, 1051
What are the prime factors of 5000900?
2, 5, 43, 1163
What are the prime factors of 43351?
7, 11, 563
List the prime factors of 449125.
5, 3593
List the prime factors of 2591615.
5, 13, 3067
List the prime factors of 14021158.
2, 17, 412387
What are the prime factors of 318787?
7, 45541
List the prime factors of 1147414.
2, 29, 73, 271
What are the prime factors of 4955618?
2, 19, 130411
What are the prime factors of 9015?
3, 5, 601
List the prime factors of 5000681.
7, 277, 2579
What are the prime factors of 32172?
2, 3, 7, 383
List the prime factors of 735224.
2, 7, 19, 691
What are the prime factors of 27541752?
2, 3, 7, 71, 2309
List the prime factors of 327029.
17, 19237
List the prime factors of 38885526.
2, 3, 677, 3191
What are the prime factors of 2876606?
2, 1438303
What are the prime factors of 40999951?
40999951
List the prime factors of 549129.
3, 7, 79, 331
What are the prime factors of 1002852?
2, 3, 89, 313
What are the prime factors of 31152?
2, 3, 11, 59
List the prime factors of 47449.
23, 2063
List the prime factors of 3751526.
2, 17, 110339
What are the prime factors of 2457658?
2, 7, 349, 503
What are the prime factors of 84223?
84223
List the prime factors of 207780.
2, 3, 5, 3463
What are the prime factors of 225835?
5, 31, 47
What are the prime factors of 151281?
3, 13, 431
List the prime factors of 49100.
2, 5, 491
What are the prime factors of 612599?
13, 47123
List the prime factors of 2519523.
3, 131, 2137
What are the prime factors of 4240982?
2, 193, 10987
What are the prime factors of 3479413?
7, 19, 26161
What are the prime factors of 4223170?
2, 5, 7, 60331
What are the prime factors of 940728?
2, 3, 19, 2063
List the prime factors of 316653.
3, 59, 1789
What are the prime factors of 19396344?
2, 3, 11, 73471
List the prime factors of 2630693.
13, 202361
List the prime factors of 651453.
3, 11, 19, 1039
What are the prime factors of 380607?
3, 293, 433
List the prime factors of 167979.
3, 7, 19, 421
What are the prime factors of 6744440?
2, 5, 103, 1637
What are the prime factors of 2688308?
2, 7, 67, 1433
What are the prime factors of 350274?
2, 3, 58379
What are the prime factors of 149791?
149791
List the prime factors of 1005951.
3, 23, 61, 239
What are the prime factors of 613340?
2, 5, 7, 13, 337
List the prime factors of 107956.
2, 137, 197
List the prime factors of 209918.
2, 104959
List the prime factors of 727441.
11, 13, 5087
List the prime factors of 30299405.
5, 97, 62473
What are the prime factors of 3483321?
3, 1161107
List the prime factors of 12786369.
3, 1571, 2713
What are the prime factors of 2566066?
2, 409, 3137
List the prime factors of 680835.
3, 5, 45389
List the prime factors of 384491.
23, 73, 229
List the prime factors of 1778602.
2, 7, 18149
What are the prime factors of 7288576?
2, 71, 401
What are the prime factors of 336243?
3, 17, 19, 347
List the prime factors of 197253.
3, 7, 31, 101
What are the prime factors of 31128?
2, 3, 1297
What are the prime factors of 5544075?
3, 5, 29, 2549
What are the prime factors of 304292?
2, 127, 599
List the prime factors of 439681.
11, 39971
List the prime factors of 9400845.
3, 5, 626723
List the prime factors of 55202.
2, 7, 3943
What are the prime factors of 584416?
2, 7, 2609
What are the prime factors of 12046166?
2, 11, 17, 31, 1039
What are the prime factors of 79684?
2, 11, 1811
List the prime factors of 405589.
61, 109
What are the prime factors of 257797?
257797
List the prime factors of 5420690.
2, 5, 11, 49279
List the prime factors of 546999.
3, 182333
List the prime factors of 447240.
2, 3, 5, 3727
What are the prime factors of 2990062?
2, 17, 87943
List the prime factors of 14450088.
2, 3, 602087
List the prime factors of 8519425.
5, 340777
List the prime factors of 40158.
2, 3, 23, 97
List the prime factors of 6690500.
2, 5, 13381
What are the prime factors of 1733115?
3, 5, 43, 2687
What are the prime factors of 1194343?
1194343
List the prime factors of 2518696.
2, 149, 2113
What are the prime factors of 779339?
11, 70849
List the prime factors of 251410.
2, 5, 31, 811
What are the prime factors of 9873779?
31, 431, 739
What are the prime factors of 2087875?
5, 16703
What are the prime factors of 5519632?
2, 23, 53, 283
What are the prime factors of 11378952?
2, 3, 13, 12157
List the prime factors of 3271119.
3, 1090373
What are the prime factors of 909896?
2, 13, 673
What are the prime factors of 63950?
2, 5, 1279
List the prime factors of 10783157.
7, 11, 29, 439
List the prime factors of 4004053.
31, 227, 569
List the prime factors of 24354785.
5, 7, 13, 53527
What are the prime factors of 3302477?
3302477
What are the prime factors of 1474923?
3, 257, 1913
What are the prime factors of 1133777?
1133777
What are the prime factors of 946312?
2, 23, 37, 139
What are the prime factors of 1109584?
2, 7, 9907
List the prime factors of 811521.
3, 37, 2437
What are the prime factors of 342082?
2, 13, 59, 223
List the prime factors of 619498.
2, 11, 29, 971
List the prime factors of 2774519.
11, 17, 37, 401
List the prime factors of 1309183.
23, 56921
List the prime factors of 1947569.
13, 37, 4049
List the prime factors of 5153.
5153
List the prime factors of 7081413.
3, 101, 23371
List the prime factors of 784163.
433, 1811
What are the prime factors of 7134135?
3, 5, 17, 101, 277
What are the prime factors of 669092?
2, 47, 3559
List the prime factors of 6557815.
5, 11, 119233
List the prime factors of 1399069.
7, 269, 743
What are the prime factors of 157338?
2, 3, 8741
List the prime factors of 10843948.
2, 23, 311, 379
What are the prime factors of 1951630?
2, 5, 195163
List the prime factors of 3714340.
2, 5, 7, 43, 617
What are the prime factors of 31586822?
2, 15793411
List the prime factors of 5293113.
3, 7, 269, 937
What are the prime factors of 3162741?
3, 1054247
List the prime factors of 3276482.
2, 11, 148931
List the prime factors of 14670479.
199, 73721
List the prime factors of 30420394.
2, 2017, 7541
What are the prime factors of 3748717?
7, 67, 7993
List the prime factors of 44762.
2, 22381
List the prime factors of 102994.
2, 23, 2239
List the prime factors of 86204.
2, 23, 937
List the prime factors of 18756990.
2, 3, 5, 7, 19, 1567
List the prime factors of 22496.
2, 19, 37
What are the prime factors of 395956?
2, 11, 8999
What are the prime factors of 53910?
2, 3, 5, 599
List the prime factors of 8857692.
2, 3, 31, 7937
What are the prime factors of 4718439?
3, 11, 15887
What are the prime factors of 222871?
11, 20261
List the prime factors of 2508051.
3, 7, 13, 9187
List the prime factors of 448280.
2, 5, 7, 1601
What are the prime factors of 2461252?
2, 615313
What are the prime factors of 168237?
3, 31, 67
List the prime factors of 9183207.
3, 11, 278279
List the prime factors of 90075.
3, 5, 1201
List the prime factors of 150707.
150707
What are the prime factors of 1255257?
3, 15497
List the prime factors of 461817.
3, 23, 97
List the prime factors of 42969.
3, 14323
What are the prime factors of 256737?
3, 13, 29, 227
List the prime factors of 481277.
241, 1997
Wh